ose -r - 157 = -4*n + 19, 245 = 5*n + 5*r. Let u be 18/n + 17/w. Let y(x) = 2*x**2 + x - 3. Calculate y(u).
12
Let u(h) = -5*h. Let g(b) = -5*b. Let w(l) = -6*g(l) + 5*u(l). Suppose -3*v = -3*f + 18, -7*f - 4*v = -4*f + 3. Let r = 5 - f. What is w(r)?
10
Let b(f) = -7 + 0*f + 0 + 3*f - 4*f - 3*f. Give b(-8).
25
Let j be (-2 - 1 - 2)*-1. Suppose -2*a = -m + 3*m, j*a = -4*m - 4. Suppose 0 - m = -h. Let c(q) = -q**2 + 5*q + 2. What is c(h)?
6
Let d(n) be the first derivative of -4*n**2 - n - 1. Suppose 0*z - 5*z - 5*t = -10, t + 4 = 2*z. Suppose -7*h = -z*r - 3*h - 2, -3*r + 7 = 4*h. What is d(r)?
-9
Let g(x) = 4*x**3 - x**2 - x - 1. Let n(q) = -3 - 4*q - q**2 + 0 + q. Let m be n(-2). Give g(m).
-5
Let n be (2/(-9)*-6)/(4/6). Let y(k) = 4 - 10*k**n - 1 + 3*k + 4*k + 9*k**2. Determine y(8).
-5
Suppose -2*h - 2*z + 14 = 0, -2*z - 2 - 4 = -3*h. Let w be 1*8*(-13)/(-26). Let n(g) = -10 - g**2 + 9 + w*g + g. What is n(h)?
3
Let f(q) be the second derivative of -1/2*q**2 - 5*q + 0 - 1/2*q**3. Calculate f(2).
-7
Let g(q) = -q. Let c(n) = 2*n**3 - 33*n**2 + 47*n - 26. Let y be c(15). Calculate g(y).
-4
Suppose 5*u = -0*u - v - 9, 5*v = 4*u + 13. Let i = 0 - u. Let n(x) = -4 + 0 + 5*x + i*x - 5*x. Give n(4).
4
Let o(s) = -3*s**2 - 8*s + 6*s + 2*s + 2*s**2 + 7*s + 4. Determine o(0).
4
Let d(o) be the second derivative of o**3/2 - 3*o**2 + o + 224. Calculate d(-7).
-27
Let v(m) be the third derivative of m**4/12 + 2*m**3/3 + 2*m**2 + 7. Calculate v(3).
10
Let d(r) = 7*r**3 - 2*r**2 - 2*r - 1. Suppose 4*o - 4 = 3*o. Let p be (o/6)/(2/6). Suppose 0 - 2 = p*v. What is d(v)?
-8
Let y(n) = n**3 - 8*n**2 + 5*n + 8. Suppose 7*k - 60 + 11 = 0. Give y(k).
-6
Suppose -x = 0, 5*n - 2*x + x = 10. Let i be (-2 + 1)/(n/6). Let g(b) = -6*b**2 + b + 12. Let h(y) = -5*y**2 + 10. Let j(r) = -3*g(r) + 4*h(r). What is j(i)?
-5
Let c be -2 - (-14)/(-84)*(6 - 0). Let p(u) = u**2 + 5*u + u + 3 - 5*u + u**3. Give p(c).
-18
Let a(g) = g + 1. Let x(h) = 2*h**2 + 13*h + 1. Suppose 0 = 6*z - 11*z - 35. Let d be x(z). Suppose -5*l + 16 = -2*v, -6*v + 2*v + 4*l - d = 0. Calculate a(v).
3
Let p(d) = -5*d + 4. Let g = -1737 + 1739. Calculate p(g).
-6
Let l(o) be the second derivative of -o**5/20 - o**4/4 + 2*o**3/3 + 2*o**2 + 2*o. Suppose 3*u - 4*k = -18 - 11, -5*u = -3*k + 30. What is l(u)?
-8
Let i(d) = 5*d + d**2 + 6*d - 5*d. Let v(g) = -3*g**2 + 11*g - 16. Let p be v(2). What is i(p)?
0
Let c(o) = -o**3 - 3*o**2 - 2*o - 1. Let m(s) = s + 9. Let n be m(-11). Let d be c(n). Let k(g) = 2*g**2 - g. Give k(d).
3
Let i(r) be the third derivative of r**5/20 - 49*r**4/24 + 11*r**3/6 + 492*r**2. Determine i(16).
-5
Suppose 0 = -3*t - 0*t + 18. Let b(c) = 2*c + 1. Let u(o) = -3*o - 1. Let f(p) = 5*b(p) + 3*u(p). What is f(t)?
8
Let w = 86 + -85. Let v(u) = -2*u**3 - 4*u**2 - 4*u - 3. Let x(o) = -o**3 - o - 1. Let t(z) = w*x(z) - v(z). What is t(-4)?
-10
Let d(i) = 4*i**2 - 4*i + 2 + i**3 + i + 0*i**3 - i. Let b(f) = f**3 + 5*f**2 - 3*f - 8. Let u be b(-4). Suppose -2*j - 2*j - u = 0. Give d(j).
-3
Suppose 14 = -11*r - 85. Let l be r/12 + (-27)/(-4). Let a(c) = 3*c - 8. Let p(s) = -2*s + 5. Let g(u) = 5*a(u) + 7*p(u). What is g(l)?
1
Suppose 5*t - 8*t + 36 = 0. Suppose 14*n - t*n = 10. Let q(c) = -c**3 + 5*c**2 + 2*c - 4. Calculate q(n).
6
Let m(i) = -i + 2 - i + 6*i. Let w(p) = p**3 - 6*p - 2. Let u be w(-2). Give m(u).
10
Let k(f) be the second derivative of f**6/720 + f**5/30 - 13*f**4/6 - 33*f. Let z(c) be the third derivative of k(c). Give z(-4).
0
Suppose 7*a - 3*a - 16 = h, -4*h = 5*a + 1. Suppose -a*x - 14 = -4*w, -4*x + 2 = 3*w + 2*w. Let s(v) = -7*v - 2*v + 2*v**2 + 6*v. What is s(w)?
2
Suppose 16*d - 16 + 32 = 0. Let r(w) = 2*w**2 - w - 1. What is r(d)?
2
Suppose -9 + 3 = -3*l. Let y = -30 + 32. Let b(d) = -4*d**2 + d**y + 4*d + 1 - 3*d + 4*d**l. Determine b(2).
7
Let n = 35 + -30. Suppose -2*t - n = 1. Let a(w) = -3*w - 2. Calculate a(t).
7
Let m(w) = -13*w**3 + 2*w + 1. Let y be 6*(-3)/(-45) - 28/20. What is m(y)?
12
Let u be (-17)/(-3) - (-5)/15. Suppose 26 - u = 2*p - l, 5*p - 24 = -4*l. Let d(c) = -c + 14. What is d(p)?
6
Let g(w) = 6*w - 37. Let m be g(6). Let j(f) = -7 + 11 + 2*f + 3*f - 5. What is j(m)?
-6
Let f(z) = 86 - 5*z + 56*z**2 + z**3 - 60*z**2 - 88. Determine f(5).
-2
Let x(m) = 6*m**2 + 3*m + 4. Let h(s) = s**2 - 11*s + 12*s + 0*s**2 + 1 - 2*s**2. Let f(o) = 5*h(o) + x(o). Calculate f(-9).
18
Let y(m) be the second derivative of m**2 - 2*m - 1/2*m**3 + 1/6*m**4 + 0. Calculate y(3).
11
Let b = 314 + -312. Let s(t) = 2*t**3 - 3*t**2 + 2*t - 1. Give s(b).
7
Let p(d) = -d**3 + d**2 + d + 0*d**3 - 3 + 1. Let z(r) = r + 4. Let b be z(-7). Let l = -3 - b. What is p(l)?
-2
Let g(s) = 2*s**2 + 5*s - 7. Let i(v) = -v**2 - 5*v + 6. Let d = 31 - 29. Let f(b) = d*g(b) + 3*i(b). Give f(3).
-2
Let w(p) = p + 14. Let b be w(-11). Let t(l) = -5*l**b - 1 + l + 0*l**3 - 2*l. Suppose o - 2*k + 1 = -0*k, 3*o + 3 = -5*k. Determine t(o).
5
Let l(f) = f**2 - 1. Let a(u) be the second derivative of -u**5/20 - u**4/3 - u**3/6 - 2*u**2 + 16*u. Let x(h) = a(h) + 3*l(h). Determine x(0).
-7
Let t = -9 + 47. Let d(m) = 4*m + t*m**2 - 29*m**2 - 3 - 5*m + m**3. Let h be 52/12 + -4 + 28/(-3). Give d(h).
6
Let d(b) be the third derivative of b**6/120 + b**5/5 + 5*b**4/12 - 5*b**3/2 + b**2 - 208*b. Give d(-11).
-4
Let m(x) = x**2 - x - 6. Let z(l) = 2*l**2 - 7. Let i(r) = -3*m(r) + 2*z(r). Suppose 0 = 3*u - 3*y + 21, 2*y = 2*u + 4*y + 10. Let a = -9 - u. Give i(a).
4
Let j(o) = 10*o + 8. Let v(i) = -4*i - 3. Let c(t) = -3*j(t) - 8*v(t). What is c(2)?
4
Let y(b) be the second derivative of 2*b**3/3 - 4*b**2 + b. Let j(d) = 1 - 14*d + 8*d + 2*d + 3*d. Let g(c) = -3*j(c) - y(c). What is g(5)?
0
Let u(g) = -g**2 - g. Let n(m) = -m**3 - 8*m**2 - 10*m. Let z(x) = -3*n(x) + 24*u(x). Let i(a) be the second derivative of z(a). Determine i(-1).
-18
Let h(d) be the second derivative of 0 + 1/6*d**3 - 2*d**2 + d. Suppose -3*u - b = 10, 4*u + 10 = 4*b - 7*b. Give h(u).
-8
Let x(o) = o - 2. Let l be -4*3/18*-3. Suppose -l*c + c = f - 3, f = c - 11. Determine x(c).
5
Let d(q) = 6*q + 5. Let t be d(9). Let h = t - 53. Let k(r) = r**3 - 4*r**2 - 7*r - 8. What is k(h)?
22
Suppose p = -5*w - 4*p + 10, w = -3*p. Let m(k) = -219 + 7*k**2 + 5*k + 219 + w*k + k**3. Let t = -8 - -2. Determine m(t).
-12
Let v(q) = 2 + 4 - 15*q + 7*q + 6*q. Determine v(-6).
18
Let d(p) be the first derivative of p**4/12 - p**3/3 + 18*p**2 + 19. Let m(j) be the second derivative of d(j). Calculate m(-4).
-10
Let y be (-112)/12 + -1 + (-12)/(-9). Let m(z) = -z**2 - 9*z + 2. Calculate m(y).
2
Let k(q) = -3*q**2 - 3*q + 3. Suppose 15 - 1 = 7*r. Determine k(r).
-15
Let q(f) = 101*f**3 - 5*f**2 + 16*f + 11. Let n(u) = 20*u**3 - u**2 + 3*u + 2. Let k(x) = -11*n(x) + 2*q(x). Suppose 0 = -200*b + 198*b + 2. What is k(b)?
-18
Let w be (-11)/3 + (-6)/(-9). Let j(p) = 4*p + 7. What is j(w)?
-5
Suppose b - 4*m + 10 = 0, 2*b - b + 4 = 2*m. Let z(k) = b*k - 4*k - 5 + 0*k. Suppose -2*t + 4*l = 12, -3*t - 2*l + 7 - 25 = 0. What is z(t)?
7
Let v(n) be the first derivative of n**6/360 + n**5/24 + n**4/3 + 5*n**3 - 14. Let i(y) be the third derivative of v(y). What is i(-6)?
14
Let h be (-12)/(2 - (3 - 3)). Let a(j) = -3*j - 9. Let b(o) = 4*o + 13. Let v(r) = 7*a(r) + 5*b(r). Determine v(h).
8
Let d(w) = 5*w - 10. Let t be d(5). Let x(y) = y - 14. Let r be x(t). Let i(c) = 0*c - c + 0 - 9*c**2 + 1. Calculate i(r).
-9
Let m be (-7)/(-9) - 2/(-9). Suppose 3*o = -2*o + 4*v + 27, 3*v = 5*o - 24. Let w(s) = m + 5*s + o - 3. What is w(-2)?
-9
Suppose 5*k = 5*j + 50, 3*j = k + 4*j. Suppose 3*o + o + 21 = k*u, -2*o = -u + 3. Let f(r) be the first derivative of r**3 - r**2/2 + 84. What is f(o)?
2
Let b(o) = -o. Suppose -u - 3*n = 8, n + 20 = 3*u - n. Suppose 3 - 7 = -u*j. Give b(j).
-1
Let r(h) = 3*h**2 + h**3 + 4*h - 68 - 8*h + 71. Let k(s) = s**3 + 3*s**2 - 3*s + 3. Let v(d) = 5*k(d) - 4*r(d). What is v(-3)?
0
Suppose 0 = -9*z + 5*z + 104. Let g = z + -20. Let y(i) = -i + 5. Calculate y(g).
-1
Suppose -4*c - 40 = c. Let a(r) = 7*r - 17. Let l(y) = -2*y + 4. Let m(n) = a(n) + 4*l(n). Calculate m(c).
7
Let h(a) = -36 + 8 + 13 + 6 + 8 - 15*a. Calculate h(-1).
14
Let p(v) = -v**2 - v - 3. Suppose 2*m + 2*q = 8 + 12, 3*m - 46 = 5*q. Let k = -12 + m. Give p(k).
-3
Let y =